{"id":203,"date":"2023-10-13T11:23:48","date_gmt":"2023-10-13T09:23:48","guid":{"rendered":"https:\/\/cdcvision.fr\/?post_type=product&#038;p=203"},"modified":"2023-10-18T23:08:34","modified_gmt":"2023-10-18T21:08:34","slug":"kandao-qoocam-8k-enterprise-avec-camera-de-poche-hdmi-full-view","status":"publish","type":"product","link":"https:\/\/cdcvision.fr\/?product=kandao-qoocam-8k-enterprise-avec-camera-de-poche-hdmi-full-view","title":{"rendered":"KANDAO QooCam 8K Enterprise"},"content":{"rendered":"<div class=\"a-row a-spacing-small po-brand\"><span class=\"a-size-base a-text-bold\">Marque:<\/span>\u00a0<span class=\"a-size-base po-break-word\">Kandao<\/span><\/div>\n<div class=\"a-row a-spacing-small po-connectivity_technology\"><span class=\"a-size-base a-text-bold\">Technologie de connectivit\u00e9:<\/span>\u00a0<span class=\"a-size-base po-break-word\">Ethernet<\/span><\/div>\n<div class=\"a-row a-spacing-small po-color\"><span class=\"a-size-base a-text-bold\">Couleur:<\/span>\u00a0<span class=\"a-size-base po-break-word\">Noir<\/span><\/div>\n<div class=\"a-row a-spacing-small po-special_feature\"><span class=\"a-size-base a-text-bold\">Caract\u00e9ristique sp\u00e9ciale:<\/span>\u00a0<span class=\"a-size-base po-break-word\">Voyage<\/span><\/div>\n<div class=\"a-row a-spacing-small po-camcorder_type\"><span class=\"a-size-base a-text-bold\">Type de cam\u00e9scope:<\/span>\u00a0<span class=\"a-size-base po-break-word\">Cam\u00e9ra d&#8217;action<\/span><\/div>\n<div class=\"a-row a-spacing-small po-model_name\"><span class=\"a-size-base a-text-bold\">Nom de mod\u00e8le:<\/span>\u00a0<span class=\"a-size-base po-break-word\">QooCam 8K Enterprise<\/span><\/div>\n<div class=\"a-row a-spacing-small po-included_components\"><span class=\"a-size-base a-text-bold\">Composants inclus:<\/span>\u00a0<span class=\"a-size-base po-break-word\">Kit cam\u00e9ra<\/span><\/div>\n<div class=\"a-row a-spacing-small po-video_capture_resolution\"><span class=\"a-size-base a-text-bold\">R\u00e9solution d&#8217;enregistrement vid\u00e9o:<\/span>\u00a0<span class=\"a-size-base po-break-word\">4K<\/span><\/div>\n<div class=\"a-row a-spacing-small po-lens.type\"><span class=\"a-size-base a-text-bold\">Type de lentille:<\/span>\u00a0<span class=\"a-size-base po-break-word\">Fest<\/span><\/div>\n<div class=\"a-row a-spacing-small po-max_aperture\"><span class=\"a-size-base a-text-bold\">Ouverture maximale:<\/span>\u00a0<span class=\"a-size-base po-break-word\">2 f<\/span><\/div>\n","protected":false},"excerpt":{"rendered":"<ul>\n<li class=\"a-spacing-mini\"><span class=\"a-list-item\">KANDAO QooCam 8K Enterprise Industry Version pour la diffusion en direct professionnelle, la vid\u00e9o de vlog d&#8217;\u00e9v\u00e9nement en direct avec type de vue compl\u00e8te et en direct sur 8K, 5,7K, 4K. In-Dual Lens F2.0, FOV: 200 \u00b0, LCD: 2,4 pouces. Dot Matrix OLED et wifi: 2.4G \/ 4G \/ 5G avec F2.0 1 \/ 1.7<\/span><\/li>\n<li class=\"a-spacing-mini\"><span class=\"a-list-item\">Professionnel et commodit\u00e9. Professionnel pour le support 5G et le logiciel de webcam autoris\u00e9 un mois gratuitement, l&#8217;une des cam\u00e9ras de poche les plus surprioritaires en vue compl\u00e8te de l&#8217;application de diffusion en direct, d&#8217;\u00e9v\u00e9nements en direct, de vid\u00e9o vlog et de c\u00e9l\u00e9bration, de webcam conforme \u00e0 Skype, WebEx, Zoom, GoToMeeting<\/span><\/li>\n<li class=\"a-spacing-mini\"><span class=\"a-list-item\">Appareil photo num\u00e9rique professionnel en direct pr\u00e9f\u00e9r\u00e9 \u00e0 l&#8217;int\u00e9rieur comme la diffusion en direct, \u00e9v\u00e9nement en direct, conf\u00e9rence et c\u00e9l\u00e9bration avec un poids d&#8217;env. 245g, taille env. 145*57*33mm, vis: min. Vis standard de \u00bc pouce.<\/span><\/li>\n<li class=\"a-spacing-mini\"><span class=\"a-list-item\">T\u00e9l\u00e9chargements les applications t\u00e9l\u00e9phoniques ont enrichi les diverses fonctionnalit\u00e9s et fonctions pendant l&#8217;action sportive, les voyages, la diffusion en direct et les \u00e9v\u00e9nements de c\u00e9l\u00e9bration, connect\u00e9s avec Wifi et USB et Type-C exploit\u00e9s pour la vue 3D<\/span><\/li>\n<li class=\"a-spacing-mini\"><span class=\"a-list-item\">Diverses circonstances: commodit\u00e9 \u00e9quip\u00e9e de diff\u00e9rentes occasions telles que conf\u00e9rence\/r\u00e9union, f\u00eate de c\u00e9l\u00e9bration, voyage et camping, salutation et m\u00e9moire.<\/span><\/li>\n<\/ul>\n","protected":false},"featured_media":243,"comment_status":"open","ping_status":"closed","template":"","meta":{"om_disable_all_campaigns":false,"_monsterinsights_skip_tracking":false,"_monsterinsights_sitenote_active":false,"_monsterinsights_sitenote_note":"","_monsterinsights_sitenote_category":0},"product_cat":[29,22],"product_tag":[57],"aioseo_notices":[],"_links":{"self":[{"href":"https:\/\/cdcvision.fr\/index.php?rest_route=\/wp\/v2\/product\/203"}],"collection":[{"href":"https:\/\/cdcvision.fr\/index.php?rest_route=\/wp\/v2\/product"}],"about":[{"href":"https:\/\/cdcvision.fr\/index.php?rest_route=\/wp\/v2\/types\/product"}],"replies":[{"embeddable":true,"href":"https:\/\/cdcvision.fr\/index.php?rest_route=%2Fwp%2Fv2%2Fcomments&post=203"}],"wp:featuredmedia":[{"embeddable":true,"href":"https:\/\/cdcvision.fr\/index.php?rest_route=\/wp\/v2\/media\/243"}],"wp:attachment":[{"href":"https:\/\/cdcvision.fr\/index.php?rest_route=%2Fwp%2Fv2%2Fmedia&parent=203"}],"wp:term":[{"taxonomy":"product_cat","embeddable":true,"href":"https:\/\/cdcvision.fr\/index.php?rest_route=%2Fwp%2Fv2%2Fproduct_cat&post=203"},{"taxonomy":"product_tag","embeddable":true,"href":"https:\/\/cdcvision.fr\/index.php?rest_route=%2Fwp%2Fv2%2Fproduct_tag&post=203"}],"curies":[{"name":"wp","href":"https:\/\/api.w.org\/{rel}","templated":true}]}}